*(-6)/(-45)*m. Let h = b + 35. Does 28 divide h?
False
Let i = 3902 + -3302. Is 3 a factor of i?
True
Suppose 288*b = 293*b - 65. Suppose -894 = -16*u + b*u. Does 4 divide u?
False
Let p(q) = q**3 - 7*q**2 + 9*q + 2988. Is p(0) a multiple of 9?
True
Let l be -1 + 2 - (2 - -93). Let i(y) = y**2 + 53*y + 528. Let n be i(-20). Let b = l - n. Does 3 divide b?
False
Is 9 a factor of 2870/(-3)*((-49)/14 - 10)?
True
Suppose -6*j + 19*j - 197296 = -9*j. Is 59 a factor of j?
True
Suppose 0 = -q + 214 - 166. Suppose -4*z - q = -180. Is z a multiple of 10?
False
Suppose -45704 = -10*k + 256576 + 169620. Is k a multiple of 130?
True
Suppose -5*l + 5757 = 2*b, -b + 11589 = 3*b - 5*l. Does 20 divide b?
False
Let a(s) = -4*s**3 - s**2 - 4*s - 4. Let b be a(-1). Suppose 2*c - h + 6*h - 1041 = 0, -b*h + 2574 = 5*c. Does 19 divide c?
True
Let q(f) = 4484*f - 4460. Is 76 a factor of q(7)?
False
Let l = -12684 + 19412. Is 58 a factor of l?
True
Let f(u) be the first derivative of -u**4/4 + 4*u**3/3 + 7*u**2 - 10*u + 16. Is 7 a factor of f(5)?
True
Suppose -2*k - 2*i = -14, 0 = 2*i + 1 - 9. Suppose g = -2*m - 11 - 0, 5*m = -k*g - 31. Does 27 divide ((-36)/(-10))/((14/(-60))/g)?
True
Is 768/(-160)*(-400)/12 a multiple of 3?
False
Suppose -2*l - 20 = -26. Suppose -l*w + 3*b = 7*b + 207, -2*b = 2*w + 136. Let q = w + 219. Is 22 a factor of q?
True
Let n be 15/(5/(25/3)). Let o(k) = -2*k**2 + 51*k + 9. Is 5 a factor of o(n)?
False
Let o = -248 - -257. Suppose o*f - 2020 = 5558. Is 74 a factor of f?
False
Suppose 12*n - 25*n = -21190. Let v = n - 963. Is 29 a factor of v?
True
Let l = 3 - 1. Let w(g) = g**3 + 28*g**2 - 27*g + 63. Let a be w(-29). Suppose -a*u - b = -151, 5*b - 33 = -u + l*b. Is 14 a factor of u?
False
Is (-2)/(-25) + 291552/600 - 8 a multiple of 8?
False
Suppose -31 + 151 = 5*c. Let n be (-80)/c + 4/(-6). Is (-6)/(-27) - n/36*826 a multiple of 23?
True
Let u be -2*15/6 + 8 + 564. Let y = 1548 - u. Does 43 divide y?
False
Let s = 1068 - -948. Is s a multiple of 96?
True
Is 14 + (2786 - (-13 - -1)) a multiple of 74?
True
Suppose 10*w - 1946 - 5234 = 0. Let s = w + -376. Is s a multiple of 19?
True
Is (0 - -98)*40015/302 a multiple of 53?
True
Suppose 5*n - 5*w + w = 1943, 3*n - w - 1163 = 0. Let x = 545 - n. Is 20 a factor of x?
False
Let p(h) = h**3 + 22*h**2 + 29*h + 608. Is p(-16) a multiple of 24?
True
Let c be 507/27 - (-2)/9. Let i = 14 - c. Is 9 a factor of (i - -7)*(-27)/(-6)?
True
Does 79 divide (-29682)/(-2) - (-96 - -85)?
True
Suppose 23 = 3*s + 5*i, 0 = -0*i + 2*i - 2. Let f be 30/4*s*(-92)/(-36). Suppose -f - 184 = -u. Is 29 a factor of u?
False
Let o(l) = 42*l**2 - 18*l - 52. Is o(-12) a multiple of 96?
False
Does 63 divide 40/30 - 828351/(-27)?
True
Suppose 89 = -b - 11*m + 7*m, -2*m - 356 = 4*b. Let r = 280 - b. Is 41 a factor of r?
True
Let f(c) = 36*c**2 - 8*c. Suppose q = s + 5, -s + 13 = -0*s + 5*q. Let j be 4/(-1) - (-1 - s/(-2)). Does 25 divide f(j)?
False
Is (-58368)/(-30) - 14/(-35) a multiple of 15?
False
Suppose 2*b = 25*u - 21*u + 1836, -4*u + 8 = 0. Suppose b = n + 4*i, 3*n + 5*i - 2545 = 200. Is n a multiple of 10?
True
Let j be 142 + -1 - (3 + -3). Let i(b) = -49*b + 31. Let n be i(-2). Let w = j - n. Is w a multiple of 3?
True
Let a(f) = 2*f**2 - 2*f + 3. Let n be a(1). Suppose 0 = -x - n*d + 13, 2*x + 2*d + 7 = 7*d. Is 1/(x/(-2 + 150)) a multiple of 13?
False
Let v(x) = -274*x + 1755. Is v(-25) a multiple of 15?
False
Suppose 3*k + 17384 = o, 3*o - 5*k - 22235 = 29901. Is o a multiple of 80?
False
Let k(m) = 2*m**3 + 9*m**2 - 5*m + 3. Let j be k(-5). Suppose -6*d + 30 = 18. Suppose i - j*v = 25, -d*i + 5*v = -0*i - 52. Is i a multiple of 13?
False
Suppose g = 2*b - 36, 2*b + b - 4*g - 44 = 0. Let x = -7687 - -10855. Suppose -b*m = -4*m - x. Does 18 divide m?
True
Let q = 6357 - 6524. Suppose j = 4*j + 213. Let y = j - q. Is y a multiple of 26?
False
Let w = 17 - 12. Let d be (96 + 1 - -3)/(w + -3). Suppose 128 = 2*n + 4*i, -5*i + d = n - 17. Is 31 a factor of n?
True
Suppose 4*l + 4966 - 5782 = 0. Is 9 a factor of l?
False
Does 44 divide (-1 - -155*(7 + -6))*108/21?
True
Let w(y) = 17*y**2 - 5*y - 4. Let z be w(4). Suppose 241*f = z*f - 3388. Does 15 divide f?
False
Suppose 0 = -3*j - 5*c + 71, 4*j + 3*c = -2*c + 98. Suppose -j*a + 27339 = 6198. Is a a multiple of 29?
True
Let c(f) = -270*f - 245. Let p be c(-13). Let b = p - 2138. Does 23 divide b?
True
Let o = -5 - -7. Suppose 3*u = -o*q + 62, 3*u = -4*q + 3*q + 31. Suppose 206 = 5*t + q. Is t a multiple of 7?
True
Suppose 14 + 2 = 4*t. Suppose -11 + 79 = t*g. Let u = g - -22. Does 13 divide u?
True
Suppose -5*q - 6912 = 5788. Let o = -1483 - q. Is 14 a factor of o?
False
Suppose 0*k + 5312 = 4*k + 2*i, -5*k - i + 6634 = 0. Is k a multiple of 39?
True
Let l = 15391 - 12163. Does 34 divide l?
False
Let s be (-2)/(-4 - (-4)/((-8)/(-10))). Is 9 a factor of (s + (-43 - -8))*-2?
False
Suppose 4*a - 15 - 13 = 0. Let u = -1 + a. Suppose -u*y = y - 1008. Is y a multiple of 36?
True
Let d be (2 - 2 - -2)*(-6)/(-4). Suppose -d*r + 4*r = 0. Suppose r = -5*k + 7 + 48. Is k even?
False
Let x be 32178/(-10) - (-5)/(-375)*15. Is (-4 - x/7) + 10/35 a multiple of 8?
True
Let d(p) = 3*p**2 + 2*p + 5. Let f be d(0). Suppose -4*t - 19 = -5*a, 21 = f*a - 2*t + 4. Suppose 4*q = -3*v - 85 + 740, -v = a. Does 11 divide q?
False
Is (-20)/(-25)*-7*(-153 - 2) a multiple of 36?
False
Suppose -3*n - 2*q + 8825 = -985, -5*n = -q - 16337. Is 57 a factor of n?
False
Suppose 128*z = 123*z + 30. Let h(r) = 72 - 3*r**2 + 110 + z + r. Is 40 a factor of h(0)?
False
Suppose 280*a - 276*a = 40. Suppose -4*m - 3*h + 67 = 0, -4*h - 9 = m - 42. Let w = m - a. Is w even?
False
Let x(p) = p**2 - 31*p + 49. Let v be ((-384)/(-30))/(1 + 3/(-5)). Does 27 divide x(v)?
True
Let v be 2 + -5 - 894*2/4. Let r(u) = 5*u**2 + 4*u + 2. Let o be r(-12). Let d = v + o. Is 14 a factor of d?
True
Let b(i) = -4*i**3 - i**2 + 8*i + 4. Let t be b(4). Let j = 124 - t. Is 15 a factor of j?
True
Suppose 0 = 14*r - 21*r + 175. Suppose -r*h + 16*h + 3123 = 0. Is 4 a factor of h?
False
Let j(w) = -166*w**3 + w**2 - 2*w - 2. Let a be j(-1). Let v = 303 - a. Is 34 a factor of v?
True
Let h be (-12)/(-36) - (-1)/(-3). Suppose 0 = 4*v - 8, h*v - v = 2*s - 1140. Is 34 a factor of s?
False
Let i(k) = k**3 + 3*k**2 + 2*k - 2. Suppose y - 8*m + 9*m - 5 = 0, 3*y + 4*m = 17. Does 4 divide i(y)?
False
Let z be (-118)/(-8)*(1 - -3). Let o = z - 83. Let s(k) = k + 30. Is s(o) a multiple of 3?
True
Let m(i) = 43*i - 36. Let p(o) = -6*o - 38. Let l be p(-7). Is m(l) a multiple of 9?
False
Let p(h) = -13*h + 11. Let r(z) = 25*z - 20. Let y(d) = -11*p(d) - 6*r(d). Is 2 a factor of y(-1)?
True
Let a(y) be the second derivative of -y**3 - 39*y**2/2 + 16*y + 3. Let q(p) = 3*p + 14. Let l be q(-11). Is 24 a factor of a(l)?
False
Let y = 34436 - 7085. Is 46 a factor of y?
False
Let p(x) = -2*x**2 - 88*x - 260. Is p(-34) a multiple of 10?
True
Is 52 a factor of (12 + 610/(-50))*-31165?
False
Suppose 26 = b - 5*u + u, 2*b + u = 7. Suppose -3*m + 0 = b. Does 4 divide -2*(m + 10/(-4))?
False
Suppose 28*v = 3064 - 572. Suppose 3*a + 5*o + 0*o = -104, -3*a = -o + 116. Let u = a + v. Is 6 a factor of u?
False
Suppose -167*c = -170*c + 567. Let p = c + 97. Does 11 divide p?
True
Let p(d) = 23*d**3 - d**2 + 2*d + 2. Let u be p(-1). Does 16 divide 8*((-834)/u - 4)?
False
Is 4/(-2) - (-476)/(-42)*-204 a multiple of 88?
False
Let u = 41653 + -33942. Does 14 divide u?
False
Suppose -2*v - 3*i + 29 = 2*i, 3*v + 5*i - 46 = 0. Suppose -6 = 20*f - v*f. Is 28 a factor of f/8*(0 - 412)?
False
Let u(d) = d**2 + 2*d. Let o(z) = -9*z**2 - 32*z + 161. Let h(a) = -o(a) + u(a). Is h(5) a multiple of 15?
False
Let y(c) = 311*c**2 + 65*c - 101. Is 19 a factor of y(5)?
True
Let z = 329 - 349. Is -5*(-4)/z*5 + 43 a multiple of 38?
True
Let t(q) = -181*q**3 + 261*q + 531. Is 4 a factor of t(-2)?
False
Let m be (-1*5)/((-41)/(-205)). Let p(s) = s**3 + 26*s**2 + 18*s - 64. Is 12 a factor of p(m)?
False
Let a be 1/(-11) - 15276/33. Let k = 533 + a. Does 9 divide k?
False
Suppose 86*t - 83*t - 5847 = -5*l, 0 = 2*l - 6. Is 12 a factor of t?
True
Suppose -5*p + 318 = 58. Let j = 3 + p. Suppose -7*k + j = -2*k. Does 11 divide k?
True
Suppose -3*n + 14112 = 3*l, -4*l + 11594 = n - 7228. Is 26